416.
2, 19, 251483
List the prime factors of 216307992.
2, 3, 9012833
List the prime factors of 2646287984.
2, 2539, 65141
What are the prime factors of 2535065935?
5, 67, 107, 197, 359
What are the prime factors of 172265577?
3, 11, 683, 7643
What are the prime factors of 2492947400?
2, 5, 12464737
List the prime factors of 1154342445.
3, 5, 76956163
What are the prime factors of 4768606938?
2, 3, 29, 71, 385997
List the prime factors of 47510487.
3, 5278943
List the prime factors of 634817.
634817
What are the prime factors of 796406606?
2, 61, 263, 24821
List the prime factors of 223189586.
2, 111594793
What are the prime factors of 1067158193?
59, 773, 23399
What are the prime factors of 196835257?
196835257
List the prime factors of 880902190.
2, 5, 7, 12584317
What are the prime factors of 21745967?
21745967
List the prime factors of 70396805.
5, 19, 43, 907
What are the prime factors of 1811360001?
3, 11, 229, 281, 853
What are the prime factors of 343771055?
5, 2671, 25741
What are the prime factors of 2268309877?
2268309877
What are the prime factors of 402254810?
2, 5, 5347, 7523
List the prime factors of 1253100166.
2, 31, 113, 383, 467
What are the prime factors of 1797886840?
2, 5, 44947171
What are the prime factors of 5532479?
1427, 3877
List the prime factors of 29378937.
3, 7, 1398997
What are the prime factors of 673812142?
2, 336906071
What are the prime factors of 2727140815?
5, 7, 11131187
List the prime factors of 626645956.
2, 156661489
List the prime factors of 7945801870.
2, 5, 17, 43, 53, 20509
List the prime factors of 961437110.
2, 5, 79, 1217009
List the prime factors of 431363800.
2, 5, 7, 308117
List the prime factors of 612657252.
2, 3, 17018257
What are the prime factors of 1023442859?
1097, 932947
List the prime factors of 14035964.
2, 67, 83, 631
What are the prime factors of 893368025?
5, 11, 1433, 2267
What are the prime factors of 39395985?
3, 5, 2626399
List the prime factors of 370814911.
370814911
What are the prime factors of 8138281?
2083, 3907
What are the prime factors of 72419290?
2, 5, 71, 101999
List the prime factors of 495636218.
2, 7, 11, 3218417
What are the prime factors of 235307159?
41, 97, 59167
What are the prime factors of 10947161?
1151, 9511
What are the prime factors of 45209132?
2, 19, 594857
What are the prime factors of 205355334?
2, 3, 34225889
List the prime factors of 73798466.
2, 7, 5271319
What are the prime factors of 1104327224?
2, 7, 11, 13, 239, 577
What are the prime factors of 240884701?
29, 8306369
List the prime factors of 62691627.
3, 577, 36217
List the prime factors of 1096766801.
13, 1279, 65963
List the prime factors of 41489424.
2, 3, 23, 12527
List the prime factors of 242139225.
3, 5, 113, 28571
List the prime factors of 2251182878.
2, 7, 59, 277, 9839
What are the prime factors of 307829886?
2, 3, 7, 13, 41, 13751
List the prime factors of 2093244807.
3, 697748269
What are the prime factors of 1237100010?
2, 3, 5, 41236667
What are the prime factors of 151228422?
2, 3, 47, 178757
What are the prime factors of 2310672546?
2, 3, 7, 13, 101, 13967
What are the prime factors of 1311407051?
1213, 1081127
List the prime factors of 356190126.
2, 3, 59365021
List the prime factors of 1009950079.
23, 71, 618463
What are the prime factors of 760150200?
2, 3, 5, 37, 97, 353
What are the prime factors of 84849820?
2, 5, 11, 19, 53, 383
List the prime factors of 688160946.
2, 3, 11, 983, 10607
List the prime factors of 882461654.
2, 23, 19183949
List the prime factors of 119972682.
2, 3, 83, 131, 613
What are the prime factors of 83592574?
2, 13, 3215099
What are the prime factors of 1431740391?
3, 17, 347, 4759
List the prime factors of 20803145.
5, 11, 378239
List the prime factors of 81645122.
2, 13, 53, 179, 331
What are the prime factors of 1254117488?
2, 13, 643, 9377
What are the prime factors of 10556764?
2, 47, 233, 241
List the prime factors of 121870753.
107, 1138979
What are the prime factors of 9729192?
2, 3, 11, 137, 269
List the prime factors of 2279159309.
7, 23, 317, 44657
List the prime factors of 57583079.
883, 65213
List the prime factors of 85416300.
2, 3, 5, 94907
List the prime factors of 9578662.
2, 251, 19081
List the prime factors of 78762596.
2, 11, 1790059
What are the prime factors of 5531948385?
3, 5, 23, 193, 251, 331
List the prime factors of 1103620965.
3, 5, 257, 353, 811
List the prime factors of 216730746.
2, 3, 29, 103, 139
List the prime factors of 127385709.
3, 11, 17, 19, 37
List the prime factors of 2987753106.
2, 3, 13, 38304527
List the prime factors of 585008220.
2, 3, 5, 23, 241, 1759
What are the prime factors of 43359077?
43359077
What are the prime factors of 257795996?
2, 73, 882863
What are the prime factors of 82127369?
53, 1549573
List the prime factors of 85304219.
7, 11, 13, 31, 2749
What are the prime factors of 33535752?
2, 3, 311, 4493
List the prime factors of 43657508.
2, 10914377
What are the prime factors of 32920281?
3, 1237, 2957
What are the prime factors of 106532738?
2, 13, 47, 87179
What are the prime factors of 4696380727?
19, 29, 641, 13297
What are the prime factors of 641942094?
2, 3, 19, 5631071
What are the prime factors of 22979927?
223, 103049
What are the prime factors of 125606482?
2, 29, 31, 69859
List the prime factors of 228058100.
2, 5, 47, 48523
What are the prime factors of 1597525674?
2, 3, 23, 103, 167, 673
What are the prime factors of 56760858?
2, 3, 7, 11, 17, 73
List the prime factors of 55026838.
2, 41, 671059
What are the prime factors of 150724242?
2, 3, 8373569
What are the prime factors of 161234007?
3, 11, 31, 397
List the prime factors of 335173994.
2, 97, 1727701
What are the prime factors of 308597858?
2, 79, 1953151
List the prime factors of 19295404.
2, 4823851
List the prime factors of 465312019.
2213, 210263
What are the prime factors of 2066194840?
2, 5, 51654871
List the prime factors of 4798535440.
2, 5, 83, 157, 4603
What are the prime factors of 551387375?
5, 7, 11, 57287
List the prime factors of 700499173.
11, 61, 433, 2411
List the prime factors of 79578052.
2, 2749, 7237
List the prime factors of 52472984.
2, 19, 73, 4729
List the prime factors of 3564108130.
2, 5, 11, 31, 1045193
List the prime factors of 6433539.
3, 7, 306359
What are the prime factors of 532627731?
3, 17, 613, 631
List the prime factors of 146110709.
653, 223753
What are the prime factors of 56784768?
2, 3, 19, 43, 181
What are the prime factors of 322943181?
3, 11, 9786157
List the prime factors of 64696678.
2, 4481, 7219
What are the prime factors of 739477653?
3, 151, 461, 3541
What are the prime factors of 143495752?
2, 19, 167, 5653
List the prime factors of 836520798.
2, 3, 4021, 34673
What are the prime factors of 37933966?
2, 7, 2709569
List the prime factors of 4415377189.
809, 5457821
What are the prime factors of 70909077?
3, 23636359
What are the prime factors of 12468290?
2, 5, 1246829
List the prime factors of 3026437510.
2, 5, 302643751
List the prime factors of 9130497.
3, 1471, 2069
What are the prime factors of 189267243?
3, 11, 491, 11681
What are the prime factors of 4702611587?
17, 19, 107, 136067
What are the prime factors of 939324519?
3, 7, 184073
List the prime factors of 465599386.
2, 7, 109, 305111
List the prime factors of 32163597.
3, 3573733
List the prime factors of 15821223.
3, 11, 479431
List the prime factors of 15652951.
1021, 15331
List the prime factors of 7235594342.
2, 3617797171
What are the prime factors of 109654806?
2, 3, 18275801
List the prime factors of 143503536.
2, 3, 11, 271787
List the prime factors of 135650498.
2, 73, 929113
List the prime factors of 30373068.
2, 3, 11, 109, 2111
List the prime factors of 76316327.
31, 283, 8699
What are the prime factors of 2985974602?
2, 13, 19, 113, 149, 359
List the prime factors of 6250157708.
2, 1562539427
List the prime factors of 2162744029.
17, 127220237
What are the prime factors of 8743797?
3, 17, 57149
What are the prime factors of 88723022?
2, 44361511
List the prime factors of 87036371.
2351, 37021
List the prime factors of 124360120.
2, 5, 29, 47, 2281
What are the prime factors of 308978832?
2, 3, 6437059
List the prime factors of 1075523515.
5, 11, 683, 28631
List the prime factors of 15